{"id":1212,"date":"2022-10-10T18:02:07","date_gmt":"2022-10-10T21:02:07","guid":{"rendered":"http:\/\/www.petlif.ufscar.br\/?page_id=1212"},"modified":"2022-10-10T18:02:08","modified_gmt":"2022-10-10T21:02:08","slug":"a-porta-no-muro","status":"publish","type":"page","link":"https:\/\/www.petlif.ufscar.br\/?page_id=1212","title":{"rendered":"A porta no Muro"},"content":{"rendered":"\n<div class=\"wp-block-themeisle-blocks-advanced-columns has-1-columns has-desktop-equal-layout has-tablet-equal-layout has-mobile-equal-layout has-default-gap has-vertical-unset\" id=\"wp-block-themeisle-blocks-advanced-columns-162e5059\"><div class=\"wp-block-themeisle-blocks-advanced-columns-overlay\"><\/div><div class=\"innerblocks-wrap\">\n<div class=\"wp-block-themeisle-blocks-advanced-column\" id=\"wp-block-themeisle-blocks-advanced-column-a5cb0e7a\">\n<p>O conto &#8220;A Porta no Muro&#8221; foi publicado em 1906, escrito pelo brit\u00e2nico Herbert George Wells , famoso por suas obras de romance e fic\u00e7\u00e3o cient\u00edfica. A presente obra retrata a hist\u00f3ria de Lionel Wallace, amigo de inf\u00e2ncia de Redmond, personagem que narra o conto em primeira pessoa, e o seu envolvimento com uma suposta porta carmim em um muro branco, a qual aparece em certos momentos de sua vida, e o leva para um para\u00edso singular.&nbsp;<\/p>\n\n\n\n<p>A primeira apari\u00e7\u00e3o da porta ocorreu quando Wallace tinha sete anos de idade, esse se sentiu encantado e decidiu entrar por ela, viu diversos elementos,o ambiente&nbsp; possu\u00eda um longo caminho adornado por flores em canteiros de m\u00e1rmore, elementos que lembravam l\u00e1 ele tamb\u00e9m encontrou duas mulheres, as quais ele n\u00e3o conhecia.<\/p>\n\n\n\n<p>Uma dessas mulheres parece representar uma figura materna, a qual ele desejou ter, j\u00e1 que sua m\u00e3e faleceu, enquanto a outra&nbsp; remete a governanta e tamb\u00e9m todas obriga\u00e7\u00f5es que ele deveria buscar. \u00c9 poss\u00edvel que esse ambiente represente seus desejos profundos e reprimidos, como por exemplo ser pego no colo quando crian\u00e7a, poder sair de casa para brincar, ter mais contato com amigos, entre outras coisas al\u00e9m de ir para escola e atender as expectativas de seu pai.&nbsp;<\/p>\n\n\n\n<p>A segunda apari\u00e7\u00e3o ocorre mais tarde, quando ele j\u00e1 est\u00e1 a caminho da escola, por\u00e9m ele decide&nbsp; voltar mais tarde, e n\u00e3o consegue acessar a porta novamente, continuando o enredo, existe a impress\u00e3o de que o pai dele tamb\u00e9m n\u00e3o soube lidar com o falecimento da esposa, e possivelmente se isolando por conta disso e exigindo sucesso do filho, como uma forma de reparar a trag\u00e9dia.<\/p>\n\n\n\n<p>Mesmo tendo um futuro bem sucedido e com v\u00e1rias conquistas, na narrativa fica percept\u00edvel que n\u00e3o era isso que ele almejava de verdade, e pelo final exibido na hist\u00f3ria pode ser que o mesmo tenha tido uma reca\u00edda por ter deixado a porta no muro em segundo plano e tomou a atitude final na esperan\u00e7a de ter mais uma chance na idade adulta, ou simplesmente deixar aquele caminho.<\/p>\n\n\n\n<p>O conto em geral \u00e9 escrito de uma forma muito abstrata para o leitor quanto a situa\u00e7\u00e3o de Lionel, deixando apenas uma reflex\u00e3o sobre o que realmente desejamos e se estamos sendo felizes com as nossas escolhas, e vale a pena ser lido j\u00e1 que cada leitor pode ter uma perspectiva diferente sobre o conto e sobre si.<\/p>\n<\/div>\n<\/div><\/div>\n","protected":false},"excerpt":{"rendered":"","protected":false},"author":1,"featured_media":0,"parent":0,"menu_order":0,"comment_status":"closed","ping_status":"closed","template":"","meta":[],"_links":{"self":[{"href":"https:\/\/www.petlif.ufscar.br\/index.php?rest_route=\/wp\/v2\/pages\/1212"}],"collection":[{"href":"https:\/\/www.petlif.ufscar.br\/index.php?rest_route=\/wp\/v2\/pages"}],"about":[{"href":"https:\/\/www.petlif.ufscar.br\/index.php?rest_route=\/wp\/v2\/types\/page"}],"author":[{"embeddable":true,"href":"https:\/\/www.petlif.ufscar.br\/index.php?rest_route=\/wp\/v2\/users\/1"}],"replies":[{"embeddable":true,"href":"https:\/\/www.petlif.ufscar.br\/index.php?rest_route=%2Fwp%2Fv2%2Fcomments&post=1212"}],"version-history":[{"count":1,"href":"https:\/\/www.petlif.ufscar.br\/index.php?rest_route=\/wp\/v2\/pages\/1212\/revisions"}],"predecessor-version":[{"id":1213,"href":"https:\/\/www.petlif.ufscar.br\/index.php?rest_route=\/wp\/v2\/pages\/1212\/revisions\/1213"}],"wp:attachment":[{"href":"https:\/\/www.petlif.ufscar.br\/index.php?rest_route=%2Fwp%2Fv2%2Fmedia&parent=1212"}],"curies":[{"name":"wp","href":"https:\/\/api.w.org\/{rel}","templated":true}]}}